*a**2 - 3*a - 4. What is o(c)?
-16
Let y(l) be the third derivative of l**6/120 + l**5/20 - l**4/8 + 2*l**2 - 78*l. What is y(-3)?
9
Let o(y) = -2*y - 2. Let k be 4/(-8) - (-2)/4. Suppose -4*w + 52 = -2*s + 6, k = 2*w - 4*s - 26. Let n = -8 + w. What is o(n)?
-8
Let o(h) = -h**2 - 8*h - 10. Let z be o(-7). Let a(t) = 4*t + 174 - 89 - 82. Calculate a(z).
-9
Let o be 21 - 22 - 2/((-2)/3). Let s(x) = -12 - 8*x**o - 2*x + 14*x - 7*x + x**3. Calculate s(8).
28
Let m(b) = -30 - 5*b**2 + 20 + 13*b**3 + 4*b**2 - 12*b**3. What is m(0)?
-10
Let w(a) = 3*a**2 + 7*a - 2. Let r = -633 - -630. Determine w(r).
4
Suppose -3*r + 2 + 4 = 0. Let c(q) = 6*q**r + q**3 - 19*q + 11*q - 6 + 11*q. Give c(-5).
4
Let a(k) = -2*k**2 + 9*k - 12. Let q be a(2). Let f(j) = 30*j. What is f(q)?
-60
Let n(o) be the first derivative of -9*o - 3/2*o**2 - 22. Give n(7).
-30
Let u(v) = v**3 - v**2 + v + 8. Let z(l) = 2*l**3 - 2*l**2 + 2*l + 18. Let c(o) = 7*u(o) - 3*z(o). Give c(0).
2
Let r(p) be the second derivative of -5*p**3/3 + p**2 - 3*p - 17. What is r(4)?
-38
Let h(y) = -4*y + 10. Suppose -l = -3*a + 17, -6*l + 4*l - 10 = 0. What is h(a)?
-6
Suppose 4*z + 2*t - 40 - 348 = 0, 0 = 4*t - 16. Let n be 1/(10/4) + (-133)/z. Let v(h) = -h**2 + 1. What is v(n)?
0
Let z = -5 - 5. Let r(w) = w**2 + 11*w + 8. What is r(z)?
-2
Let o(h) = -h**2 + h - 1. Let r(u) = -5*u**2 + 6*u + 8. Let d(i) = 6*o(i) - r(i). What is d(0)?
-14
Let c = -32 + 23. Let w = c + 11. Suppose -4*o = -w*o - 4. Let p(h) = h - 2. Determine p(o).
0
Let r(q) = -1216*q**3 - 8 + 303*q**3 - 10*q**2 + 310*q**3 + 302*q**3 + 302*q**3 + 13*q. Give r(9).
28
Let d be -15 + -2*(-6)/(-4). Let h be (6/(-8))/(d/48). Let c(i) = 2 - i + 5 - 3 + i**h - 4*i. Give c(4).
0
Let l(f) be the second derivative of -1/20*f**5 - 1/4*f**4 + 1/2*f**2 + 1/3*f**3 + 2*f + 0. Calculate l(-2).
-7
Let f(z) = 63*z - 25*z + 3 - 14*z - 15*z - 19*z. Calculate f(2).
-17
Let o(t) = t**3 - 3*t**2 - 2. Let g be o(4). Let a be 7/2 - (-7)/g. Let j(r) = r**2 - 7*r + 6. Determine j(a).
-6
Let x(q) = 7*q**3 - 5*q**2 - 5*q + 29. Let l(h) = -19*h**3 + 14*h**2 + 14*h - 86. Let d(m) = 4*l(m) + 11*x(m). What is d(0)?
-25
Let a(n) = -16*n + 2. Let g(m) = 19*m - 1. Let s(u) = -7*a(u) - 6*g(u). What is s(-10)?
12
Let h(c) = -c**3 + 3*c**2 + c - 1. Let b be h(3). Suppose -3*t + 11 - b = 0. Let u(q) = 3 - 4*q - 3 - 4 - t. What is u(-5)?
13
Let g(i) be the second derivative of -i**5/20 + 5*i**4/12 - i**3/6 + 2*i**2 + i. Let c be 4/(8/(-247)) + 24/16. Let x = c + 127. What is g(x)?
-1
Suppose -2*i + 2 = -i. Let b = i + -1. Let z(y) be the first derivative of -7*y**3/3 + y**2 - y - 4. Calculate z(b).
-6
Let y(o) = 2*o**2 - 3*o - 6. Let f(m) = m**2 - m - 2. Let x(r) = 4*f(r) - y(r). Suppose 5 = -5*b + 5*t + 25, t = -1. What is x(b)?
13
Let z(y) = 2*y + 86. Let c be z(-43). Let t(d) = d**3 - 6. What is t(c)?
-6
Let g(l) = l**3 + 3*l**2 + 2*l + 1. Let z(x) = -x**2 + 14*x + 48. Let t be z(17). Determine g(t).
-5
Let k be -12*((-6)/(-20) + 19/95). Let y(m) = -m**2 - 8*m - 6. Give y(k).
6
Let c = 5 + -5. Let h(j) = -j**3 - j**2 - 6. Let u be h(c). Let x(a) = -5 + 2*a**2 + 6*a - 3*a**2 - 12*a. Give x(u).
-5
Suppose 7*k + 3*k = 370. Let n(w) = 3*w + 3*w - 36 + k. Calculate n(-2).
-11
Let g(h) = -h**3 + 3*h**2 + 4*h. Let c = 10 - 6. Let i be g(c). Let r = 0 + i. Let k(y) = -y**3 + y + 7. Calculate k(r).
7
Suppose -3*q + 2*s = -0 - 4, 0 = -3*s + 3. Let f(l) = 3*l - 2*l + 3*l + 3 + l + l**q. Give f(-4).
-1
Let b(l) = l + 11. Let a(u) = -1. Let j(z) = 40*a(z) + 5*b(z). Calculate j(-10).
-35
Let s = -66059/30 + 2202. Let v(o) be the third derivative of -2/3*o**3 + s*o**5 + 0*o + 5/24*o**4 + 0 - 3*o**2. Determine v(-4).
8
Let b be (6 + 1)*((-16)/7 - -4). Suppose 33 = 9*s - b. Let z(g) = -g**2 + 6*g - 1. Calculate z(s).
4
Let l(y) = 2*y**3 - 3*y**2 + y. Let u(r) = -r - 15. Let j(b) = b + 15. Let o(x) = 3*j(x) + 2*u(x). Let q be o(-10). Suppose -17 = -q*m - 7. Give l(m).
6
Let b(w) = -w + 8. Suppose 48 = -4*n + 6*n. Suppose 5*i = -5*s + i + n, 3*s - 16 = -4*i. Suppose -13 = -x - 2*f + 4*f, 3*x - 33 = s*f. Calculate b(x).
1
Let g(m) = -m**3 + 10*m**2 + 15. Suppose 30*a + 720 = 102*a. Calculate g(a).
15
Let q(h) = h**3 - h**2 + h + 9. Suppose -2*z - 7*z - 594 = 0. Let b = -66 - z. What is q(b)?
9
Let s(p) = -p**3 + 2*p**2 + p + 4. Let g be s(0). Let v(l) = 0*l**2 - 3*l**2 + 6*l + 4*l**2 + g. Determine v(-6).
4
Suppose 0 = 4*d - 0*d + 16. Let c(a) be the second derivative of -a**4/24 + a**2/2 + 5*a. Let b(o) be the first derivative of c(o). Determine b(d).
4
Let p(h) be the third derivative of -h**6/120 + 7*h**5/60 - 3*h**4/8 + h**3/6 + 6*h**2 - 50*h. Calculate p(2).
3
Let u(g) = 13*g**2 + 3*g - 7. Let o(i) = 0 + i - 32*i**2 - 2 + 35*i**2. Let y(m) = 9*o(m) - 2*u(m). Let t be -4*2*((-28)/8)/(-7). Determine y(t).
0
Suppose -49 + 124 = 5*r. Suppose 0 = -2*y - 5 + r. Let w be (4/(-3))/(y/15). Let h(k) = -k**2 - 2*k - 6. Determine h(w).
-14
Let g(n) = n**3 - 8*n**2 + 6*n + 9. Let p(h) = -h**3 + 11*h**2 - 7*h - 10. Let y(b) = 6*g(b) + 5*p(b). What is y(-7)?
-3
Let k be (-51)/(-6) + 3/(-6). Suppose -2*a - 2*a + 5*n - 19 = 0, 0 = a + 2*n + k. Let z(i) = -i**3 - 6*i**2 - i - 5. Determine z(a).
1
Let p(f) = f + 4. Suppose 5*y = -u - 0 + 110, -y - u + 26 = 0. Suppose 5 - y = 4*c. What is p(c)?
0
Let o(l) = -l**3 + 8*l**2 - 9*l + 1. Let m be o(1). Let w(u) = 18*u**2 + 2*u + 2. Calculate w(m).
18
Let o(b) = 2*b - 8. Let c(q) = -62*q + 190. Let j(n) = -25*n + 76. Let t(y) = 5*c(y) - 12*j(y). Let z(h) = -14*o(h) - 3*t(h). Determine z(-3).
-8
Let l(q) = q**3 + q**2 + q + 3. Let d(m) = -11*m + 88. Let h be d(8). Determine l(h).
3
Let j(i) = -i**3 - 21*i**2 - 55*i - 13. Let x be j(-18). Let z(b) = -b**3 + 5*b**2 - 2*b - 1. Give z(x).
-11
Let f(n) = -n**2 - 3*n + 7. Suppose 0*w + 5*w = 120. Let a = w - 29. Give f(a).
-3
Let m(y) = -4*y - 1. Let v(o) = -o - 17. Let p be v(-15). Let i be (p - -1)*(-1)/1. Let w be -2 + (-12)/(-2 - i). Calculate m(w).
-9
Suppose 2*b - 3*z = -4*z - 24, b - 5*z + 34 = 0. Let x be ((-16)/b)/(22/77). Suppose -p + 10 = -3*k, 5*k + 17 = x*p - 9. Let q(j) = -j - 2. Calculate q(k).
0
Let v(s) be the first derivative of s**2/2 - 5*s - 1. Let a be v(4). Let n(k) be the first derivative of k**3 + 585. Calculate n(a).
3
Let z = -55 + 30. Let r = 25 + z. Let c(y) = 5 + r*y + 9*y - 10*y. Give c(-4).
9
Let l(m) = -112*m**2 + 350*m**2 + 6 - 119*m**2 - 120*m**2 + 10*m. What is l(11)?
-5
Let c(i) = i**3 + 8*i**2 + 6*i + 5. Let f be (51 - 0)*(-6)/18. Let n(u) = -3*u - 58. Let w be n(f). Determine c(w).
12
Let l(n) be the third derivative of n**4/6 + 11*n**3/6 - 221*n**2. Calculate l(-4).
-5
Suppose 3*g - 2*t = 25, 178*g - 175*g - 4*t = 35. Let z(c) = -2*c**2 + 7*c - 7. Give z(g).
-22
Let q(h) be the first derivative of -h**4/4 + h**3/3 - 3*h**2/2 - 3*h + 129. What is q(-2)?
15
Let g = 78 + -74. Let n(w) = -256*w + w**2 - g*w**2 + 2*w**2 - 5 + 248*w. Give n(-4).
11
Let g(v) = 3*v**3 - 11*v**2 + 11*v - 7. Let r(k) = -16*k**3 + 56*k**2 - 56*k + 34. Suppose 0*u = 12*u + 132. Let o(d) = u*g(d) - 2*r(d). Give o(8).
1
Let g(d) be the second derivative of d**4/12 + d**3 + 5*d**2/2 + 4*d + 1. Let b(h) = h**3 - 7*h**2 + 5*h + 2. Let c be b(6). Give g(c).
-3
Suppose -3*p = 3, -5*p = v - 3*v - 1. Let a(s) = -2*s + 6. Calculate a(v).
12
Let q = 169 + -160. Let z(c) = -c**3 + 7*c**2 + 17*c + 12. Let p be z(q). Let l(g) = g**2 - 7*g + 4. Determine l(p).
-8
Let v be (-1)/10 - 5/300*474. Let x(j) = j**2 + 4*j + 6. Determine x(v).
38
Let g be ((-8)/(1 + 0))/(-1). Let v be (-2)/(g/(-10))*2. Let x(n) be the first derivative of n**2 + n + 5. Calculate x(v).
11
Suppose -81*v + 85*v = 20. Let z(n) = -4*n - 2 + v*n**2 - 4*n**2 + 5*n. What is z(2)?
4
Let p be (24/(-14))/(((-252)/(-98))/9). Let v(c) = c**3 + 7*c**2 + 5*c + 3. Calculate v(p).
9
Let z(m) = 5*m - 1. Let v be (40/(-24))/((-4)/(-12)) + 6. What is z(v)?
4
Let o(v) = v**3 - 2*v**2 - 3*v + 2. Let u be o(3). Suppose -4*l + 1 = u*d - 3, -2*d - 2*l + 10 = 0. Let z(r) = -r**2 + 8*r + 7. Calculate z(d).
7
Let f(c) = 6*c**2 + 645*c**3 - 1277*c**3 + 633*c**3 + 9 - 7*c. What is f(-7)?
9
Let w(x) = 6*x**2 + 2*x + 7. Let g(y) = -31*y**2 - 11*y - 36. Let l(v) = -2*g(v) - 11*w(v). Let q(h) be the first derivative of l(h). Give q(-1).
8
Let p be (-5)/(-2)*-2*-1. Let d(l) = l